{"id":9305,"date":"2025-01-22T17:23:37","date_gmt":"2025-01-22T16:23:37","guid":{"rendered":"https:\/\/fouleesroses.olivet.fr\/?page_id=9305"},"modified":"2026-04-21T15:18:42","modified_gmt":"2026-04-21T13:18:42","slug":"inscription-2026","status":"publish","type":"page","link":"https:\/\/fouleesroses.olivet.fr\/?page_id=9305","title":{"rendered":"INSCRIPTION 2026"},"content":{"rendered":"\t\t<div data-elementor-type=\"wp-page\" data-elementor-id=\"9305\" class=\"elementor elementor-9305\">\n\t\t\t\t\t\t<section class=\"elementor-section elementor-top-section elementor-element elementor-element-363c1e27 elementor-section-full_width elementor-section-height-default elementor-section-height-default wpr-particle-no wpr-jarallax-no wpr-parallax-no wpr-sticky-section-no wpr-equal-height-no\" data-id=\"363c1e27\" data-element_type=\"section\" data-e-type=\"section\">\n\t\t\t\t\t\t<div class=\"elementor-container elementor-column-gap-default\">\n\t\t\t\t\t<div class=\"elementor-column elementor-col-100 elementor-top-column elementor-element elementor-element-69e9cd3f\" data-id=\"69e9cd3f\" data-element_type=\"column\" data-e-type=\"column\" data-settings=\"{&quot;background_background&quot;:&quot;classic&quot;}\">\n\t\t\t<div class=\"elementor-widget-wrap elementor-element-populated\">\n\t\t\t\t\t\t<div class=\"elementor-element elementor-element-6499f21e elementor-widget elementor-widget-spacer\" data-id=\"6499f21e\" data-element_type=\"widget\" data-e-type=\"widget\" data-widget_type=\"spacer.default\">\n\t\t\t\t<div class=\"elementor-widget-container\">\n\t\t\t\t\t\t\t<div class=\"elementor-spacer\">\n\t\t\t<div class=\"elementor-spacer-inner\"><\/div>\n\t\t<\/div>\n\t\t\t\t\t\t<\/div>\n\t\t\t\t<\/div>\n\t\t\t\t<section class=\"elementor-section elementor-inner-section elementor-element elementor-element-f6067a0 elementor-section-boxed elementor-section-height-default elementor-section-height-default wpr-particle-no wpr-jarallax-no wpr-parallax-no wpr-sticky-section-no wpr-equal-height-no\" data-id=\"f6067a0\" data-element_type=\"section\" data-e-type=\"section\">\n\t\t\t\t\t\t<div class=\"elementor-container elementor-column-gap-default\">\n\t\t\t\t\t<div class=\"elementor-column elementor-col-100 elementor-inner-column elementor-element elementor-element-c643472\" data-id=\"c643472\" data-element_type=\"column\" data-e-type=\"column\">\n\t\t\t<div class=\"elementor-widget-wrap elementor-element-populated\">\n\t\t\t\t\t\t<div class=\"elementor-element elementor-element-ba2937b elementor-widget elementor-widget-heading\" data-id=\"ba2937b\" data-element_type=\"widget\" data-e-type=\"widget\" data-widget_type=\"heading.default\">\n\t\t\t\t<div class=\"elementor-widget-container\">\n\t\t\t\t\t<span class=\"elementor-heading-title elementor-size-default\">LES FOUL\u00c9ES ROSES | OLIVET<\/span>\t\t\t\t<\/div>\n\t\t\t\t<\/div>\n\t\t\t\t<div class=\"elementor-element elementor-element-184968d elementor-widget elementor-widget-heading\" data-id=\"184968d\" data-element_type=\"widget\" data-e-type=\"widget\" data-widget_type=\"heading.default\">\n\t\t\t\t<div class=\"elementor-widget-container\">\n\t\t\t\t\t<h1 class=\"elementor-heading-title elementor-size-default\">COURSES &amp; MARCHES INDIVIDUELLES<\/h1>\t\t\t\t<\/div>\n\t\t\t\t<\/div>\n\t\t\t\t\t<\/div>\n\t\t<\/div>\n\t\t\t\t\t<\/div>\n\t\t<\/section>\n\t\t\t\t\t<\/div>\n\t\t<\/div>\n\t\t\t\t\t<\/div>\n\t\t<\/section>\n\t\t\t\t<section class=\"elementor-section elementor-top-section elementor-element elementor-element-584fa6a elementor-section-boxed elementor-section-height-default elementor-section-height-default wpr-particle-no wpr-jarallax-no wpr-parallax-no wpr-sticky-section-no wpr-equal-height-no\" data-id=\"584fa6a\" data-element_type=\"section\" data-e-type=\"section\">\n\t\t\t\t\t\t<div class=\"elementor-container elementor-column-gap-default\">\n\t\t\t\t\t<div class=\"elementor-column elementor-col-100 elementor-top-column elementor-element elementor-element-c10fb31\" data-id=\"c10fb31\" data-element_type=\"column\" data-e-type=\"column\">\n\t\t\t<div class=\"elementor-widget-wrap elementor-element-populated\">\n\t\t\t\t\t\t<div class=\"elementor-element elementor-element-60b185f elementor-widget elementor-widget-spacer\" data-id=\"60b185f\" data-element_type=\"widget\" data-e-type=\"widget\" data-widget_type=\"spacer.default\">\n\t\t\t\t<div class=\"elementor-widget-container\">\n\t\t\t\t\t\t\t<div class=\"elementor-spacer\">\n\t\t\t<div class=\"elementor-spacer-inner\"><\/div>\n\t\t<\/div>\n\t\t\t\t\t\t<\/div>\n\t\t\t\t<\/div>\n\t\t\t\t\t<\/div>\n\t\t<\/div>\n\t\t\t\t\t<\/div>\n\t\t<\/section>\n\t\t\t\t<section class=\"elementor-section elementor-top-section elementor-element elementor-element-3133383f7 elementor-section-boxed elementor-section-height-default elementor-section-height-default wpr-particle-no wpr-jarallax-no wpr-parallax-no wpr-sticky-section-no wpr-equal-height-no\" data-id=\"3133383f7\" data-element_type=\"section\" data-e-type=\"section\">\n\t\t\t\t\t\t<div class=\"elementor-container elementor-column-gap-default\">\n\t\t\t\t\t<div class=\"elementor-column elementor-col-100 elementor-top-column elementor-element elementor-element-101aa345\" data-id=\"101aa345\" data-element_type=\"column\" data-e-type=\"column\">\n\t\t\t<div class=\"elementor-widget-wrap elementor-element-populated\">\n\t\t\t\t\t\t<section class=\"elementor-section elementor-inner-section elementor-element elementor-element-100efff3 elementor-section-content-middle elementor-section-boxed elementor-section-height-default elementor-section-height-default wpr-particle-no wpr-jarallax-no wpr-parallax-no wpr-sticky-section-no wpr-equal-height-no\" data-id=\"100efff3\" data-element_type=\"section\" data-e-type=\"section\">\n\t\t\t\t\t\t<div class=\"elementor-container elementor-column-gap-default\">\n\t\t\t\t\t<div class=\"elementor-column elementor-col-100 elementor-inner-column elementor-element elementor-element-1298df20\" data-id=\"1298df20\" data-element_type=\"column\" data-e-type=\"column\">\n\t\t\t<div class=\"elementor-widget-wrap elementor-element-populated\">\n\t\t\t\t\t\t<div class=\"elementor-element elementor-element-06c9a74 elementor-widget elementor-widget-text-editor\" data-id=\"06c9a74\" data-element_type=\"widget\" data-e-type=\"widget\" data-widget_type=\"text-editor.default\">\n\t\t\t\t<div class=\"elementor-widget-container\">\n\t\t\t\t\t\t\t\t\t<h2 style=\"text-align: center;\">Rendez-vous en <span style=\"color: #ff5698;\">septembre<\/span><br \/>pour l&rsquo;ouverture des <span style=\"color: #ff5698;\">inscriptions <\/span>!<\/h2>\t\t\t\t\t\t\t\t<\/div>\n\t\t\t\t<\/div>\n\t\t\t\t\t<\/div>\n\t\t<\/div>\n\t\t\t\t\t<\/div>\n\t\t<\/section>\n\t\t\t\t\t<\/div>\n\t\t<\/div>\n\t\t\t\t\t<\/div>\n\t\t<\/section>\n\t\t\t\t<section class=\"elementor-section elementor-top-section elementor-element elementor-element-7a6fcca elementor-section-boxed elementor-section-height-default elementor-section-height-default wpr-particle-no wpr-jarallax-no wpr-parallax-no wpr-sticky-section-no wpr-equal-height-no\" data-id=\"7a6fcca\" data-element_type=\"section\" data-e-type=\"section\">\n\t\t\t\t\t\t<div class=\"elementor-container elementor-column-gap-default\">\n\t\t\t\t\t<div class=\"elementor-column elementor-col-50 elementor-top-column elementor-element elementor-element-f004b8e\" data-id=\"f004b8e\" data-element_type=\"column\" data-e-type=\"column\">\n\t\t\t<div class=\"elementor-widget-wrap elementor-element-populated\">\n\t\t\t\t\t\t<div class=\"elementor-element elementor-element-b3ccbca elementor-widget elementor-widget-spacer\" data-id=\"b3ccbca\" data-element_type=\"widget\" data-e-type=\"widget\" data-widget_type=\"spacer.default\">\n\t\t\t\t<div class=\"elementor-widget-container\">\n\t\t\t\t\t\t\t<div class=\"elementor-spacer\">\n\t\t\t<div class=\"elementor-spacer-inner\"><\/div>\n\t\t<\/div>\n\t\t\t\t\t\t<\/div>\n\t\t\t\t<\/div>\n\t\t\t\t<div class=\"elementor-element elementor-element-3776704 elementor-widget elementor-widget-heading\" data-id=\"3776704\" data-element_type=\"widget\" data-e-type=\"widget\" data-widget_type=\"heading.default\">\n\t\t\t\t<div class=\"elementor-widget-container\">\n\t\t\t\t\t<h2 class=\"elementor-heading-title elementor-size-default\">MARCHES<\/h2>\t\t\t\t<\/div>\n\t\t\t\t<\/div>\n\t\t\t\t<section class=\"elementor-section elementor-inner-section elementor-element elementor-element-5a6b624 elementor-section-boxed elementor-section-height-default elementor-section-height-default wpr-particle-no wpr-jarallax-no wpr-parallax-no wpr-sticky-section-no wpr-equal-height-no\" data-id=\"5a6b624\" data-element_type=\"section\" data-e-type=\"section\">\n\t\t\t\t\t\t<div class=\"elementor-container elementor-column-gap-default\">\n\t\t\t\t\t<div class=\"elementor-column elementor-col-50 elementor-inner-column elementor-element elementor-element-70be8db\" data-id=\"70be8db\" data-element_type=\"column\" data-e-type=\"column\">\n\t\t\t<div class=\"elementor-widget-wrap elementor-element-populated\">\n\t\t\t\t\t\t<div class=\"elementor-element elementor-element-5a70bee elementor-widget elementor-widget-image\" data-id=\"5a70bee\" data-element_type=\"widget\" data-e-type=\"widget\" data-widget_type=\"image.default\">\n\t\t\t\t<div class=\"elementor-widget-container\">\n\t\t\t\t\t\t\t\t\t\t\t\t\t\t\t<img fetchpriority=\"high\" decoding=\"async\" width=\"230\" height=\"230\" src=\"https:\/\/fouleesroses.olivet.fr\/wp-content\/uploads\/2023\/06\/Plan-de-travail-15.png\" class=\"attachment-htmega_size_396x360 size-htmega_size_396x360 wp-image-4809\" alt=\"\" srcset=\"https:\/\/fouleesroses.olivet.fr\/wp-content\/uploads\/2023\/06\/Plan-de-travail-15.png 230w, https:\/\/fouleesroses.olivet.fr\/wp-content\/uploads\/2023\/06\/Plan-de-travail-15-150x150.png 150w\" sizes=\"(max-width: 230px) 100vw, 230px\" \/>\t\t\t\t\t\t\t\t\t\t\t\t\t\t\t<\/div>\n\t\t\t\t<\/div>\n\t\t\t\t\t<\/div>\n\t\t<\/div>\n\t\t\t\t<div class=\"elementor-column elementor-col-50 elementor-inner-column elementor-element elementor-element-55bffef\" data-id=\"55bffef\" data-element_type=\"column\" data-e-type=\"column\">\n\t\t\t<div class=\"elementor-widget-wrap elementor-element-populated\">\n\t\t\t\t\t\t<div class=\"elementor-element elementor-element-e7265fd elementor-widget elementor-widget-text-editor\" data-id=\"e7265fd\" data-element_type=\"widget\" data-e-type=\"widget\" data-widget_type=\"text-editor.default\">\n\t\t\t\t<div class=\"elementor-widget-container\">\n\t\t\t\t\t\t\t\t\t<p><span style=\"font-weight: bold; color: var(--global-palette4); font-family: var(--global-body-font-family); background-color: transparent;\">Parce que l\u2019on peut avoir envie de participer pour une bonne cause, mais pas forc\u00e9ment de courir, les Foul\u00e9es Roses proposent depuis les d\u00e9buts de participer avec une marche.&nbsp;<\/span><span style=\"background-color: transparent; color: var(--global-palette4); font-family: var(--global-body-font-family); font-weight: bold;\">Plusieurs distances sont propos\u00e9es aux<\/span><span style=\"background-color: transparent; color: var(--global-palette4); font-family: var(--global-body-font-family); font-weight: bold;\">&nbsp;sportifs affirm\u00e9s comme aux amateurs de balades :<\/span><\/p>\n<ul>\n<li>Distances propos\u00e9es : <span style=\"font-weight: bolder;\"><span style=\"color: #ff5698;\">3 km<\/span>&nbsp;<\/span><\/li>\n<li><span style=\"color: #ff5698;\"><span style=\"font-weight: bolder;\">et 5,5<\/span><\/span><span style=\"font-weight: bolder;\"><span style=\"color: #ff5698;\"> km&nbsp;<\/span><\/span>(d\u00e9parts \u00e0 10h)<\/li>\n<li>Ouvert aux&nbsp;<span style=\"color: #ff5698;\"><span style=\"font-weight: bolder;\">adultes<\/span>&nbsp;<\/span>et ados de&nbsp;<span style=\"font-weight: bolder;\"><span style=\"color: #ff5698;\">+ de 16 ans<\/span><\/span><\/li>\n<li>Tarif unique :&nbsp;<span style=\"color: #ff5698;\"><span style=\"font-weight: bolder;\">10\u20ac<\/span><\/span>&nbsp;quelle que soit la distance (+0.85\u20ac de frais d&rsquo;inscription)<\/li>\n<\/ul>\t\t\t\t\t\t\t\t<\/div>\n\t\t\t\t<\/div>\n\t\t\t\t\t<\/div>\n\t\t<\/div>\n\t\t\t\t\t<\/div>\n\t\t<\/section>\n\t\t\t\t\t<\/div>\n\t\t<\/div>\n\t\t\t\t<div class=\"elementor-column elementor-col-50 elementor-top-column elementor-element elementor-element-ad48544\" data-id=\"ad48544\" data-element_type=\"column\" data-e-type=\"column\">\n\t\t\t<div class=\"elementor-widget-wrap elementor-element-populated\">\n\t\t\t\t\t\t<div class=\"elementor-element elementor-element-c80f08a elementor-widget elementor-widget-spacer\" data-id=\"c80f08a\" data-element_type=\"widget\" data-e-type=\"widget\" data-widget_type=\"spacer.default\">\n\t\t\t\t<div class=\"elementor-widget-container\">\n\t\t\t\t\t\t\t<div class=\"elementor-spacer\">\n\t\t\t<div class=\"elementor-spacer-inner\"><\/div>\n\t\t<\/div>\n\t\t\t\t\t\t<\/div>\n\t\t\t\t<\/div>\n\t\t\t\t<div class=\"elementor-element elementor-element-b9c950d elementor-widget elementor-widget-heading\" data-id=\"b9c950d\" data-element_type=\"widget\" data-e-type=\"widget\" data-widget_type=\"heading.default\">\n\t\t\t\t<div class=\"elementor-widget-container\">\n\t\t\t\t\t<h2 class=\"elementor-heading-title elementor-size-default\">COURSES<\/h2>\t\t\t\t<\/div>\n\t\t\t\t<\/div>\n\t\t\t\t<section class=\"elementor-section elementor-inner-section elementor-element elementor-element-82a47b3 elementor-section-boxed elementor-section-height-default elementor-section-height-default wpr-particle-no wpr-jarallax-no wpr-parallax-no wpr-sticky-section-no wpr-equal-height-no\" data-id=\"82a47b3\" data-element_type=\"section\" data-e-type=\"section\">\n\t\t\t\t\t\t<div class=\"elementor-container elementor-column-gap-default\">\n\t\t\t\t\t<div class=\"elementor-column elementor-col-50 elementor-inner-column elementor-element elementor-element-2c259e0\" data-id=\"2c259e0\" data-element_type=\"column\" data-e-type=\"column\">\n\t\t\t<div class=\"elementor-widget-wrap elementor-element-populated\">\n\t\t\t\t\t\t<div class=\"elementor-element elementor-element-b2f202c elementor-widget elementor-widget-image\" data-id=\"b2f202c\" data-element_type=\"widget\" data-e-type=\"widget\" data-widget_type=\"image.default\">\n\t\t\t\t<div class=\"elementor-widget-container\">\n\t\t\t\t\t\t\t\t\t\t\t\t\t\t\t<img decoding=\"async\" width=\"231\" height=\"230\" src=\"https:\/\/fouleesroses.olivet.fr\/wp-content\/uploads\/2023\/06\/Plan-de-travail-14.png\" class=\"attachment-htmega_size_396x360 size-htmega_size_396x360 wp-image-4808\" alt=\"\" srcset=\"https:\/\/fouleesroses.olivet.fr\/wp-content\/uploads\/2023\/06\/Plan-de-travail-14.png 231w, https:\/\/fouleesroses.olivet.fr\/wp-content\/uploads\/2023\/06\/Plan-de-travail-14-150x150.png 150w\" sizes=\"(max-width: 231px) 100vw, 231px\" \/>\t\t\t\t\t\t\t\t\t\t\t\t\t\t\t<\/div>\n\t\t\t\t<\/div>\n\t\t\t\t\t<\/div>\n\t\t<\/div>\n\t\t\t\t<div class=\"elementor-column elementor-col-50 elementor-inner-column elementor-element elementor-element-384375f\" data-id=\"384375f\" data-element_type=\"column\" data-e-type=\"column\">\n\t\t\t<div class=\"elementor-widget-wrap elementor-element-populated\">\n\t\t\t\t\t\t<div class=\"elementor-element elementor-element-10f2d18 elementor-widget elementor-widget-text-editor\" data-id=\"10f2d18\" data-element_type=\"widget\" data-e-type=\"widget\" data-widget_type=\"text-editor.default\">\n\t\t\t\t<div class=\"elementor-widget-container\">\n\t\t\t\t\t\t\t\t\t<div data-node=\"606729df395a0\"><div data-node=\"606729df396e2\"><div data-node=\"5d4d9288f32b0\"><p><span style=\"font-weight: bold;\">Activit\u00e9 sportive universelle, la course \u00e0 pied est historiquement un des symboles de l\u2019\u00e9v\u00e9nement des Foul\u00e9es Roses.\u00a0<\/span><\/p><\/div><\/div><\/div><ul><li>Distances propos\u00e9es : <span style=\"font-weight: bolder;\"><span style=\"color: #ff5698;\">5,5 km<\/span>\u00a0<\/span>(d\u00e9part \u00e0 11h15) <span style=\"color: #ff5698;\"><span style=\"font-weight: bolder;\">et <\/span><\/span><span style=\"font-weight: bolder;\"><span style=\"color: #ff5698;\">10 km<\/span>\u00a0<\/span>(d\u00e9part \u00e0 11h)<span style=\"font-weight: bolder;\">\u00a0<\/span><\/li><li>Ouvert aux\u00a0<span style=\"color: #ff5698;\"><span style=\"font-weight: bolder;\">adultes<\/span><\/span>\u00a0et ados de\u00a0<span style=\"font-weight: bolder;\"><span style=\"color: #ff5698;\">+ de 16 ans<\/span>\u00a0<\/span><\/li><li>Tarif unique :\u00a0<span style=\"color: #ff5698;\"><span style=\"font-weight: bolder;\">10\u20ac<\/span><\/span>\u00a0quelle que soit la distance (+0.85\u20ac de frais d&rsquo;inscription)<\/li><li><span style=\"font-weight: bolder; background-color: transparent; color: var(--global-palette4); font-family: var(--global-body-font-family);\"><span style=\"color: #ff5698;\">Dossard fourni<\/span><\/span><span style=\"background-color: transparent; color: var(--global-palette4); font-family: var(--global-body-font-family);\">\u00a0\u00e9quip\u00e9 d&rsquo;une\u00a0<\/span><span style=\"background-color: transparent; font-family: var(--global-body-font-family); color: #ff5698;\"><span style=\"font-weight: bolder;\">puce\u00a0<\/span><\/span><span style=\"background-color: transparent; color: var(--global-palette4); font-family: var(--global-body-font-family);\">aux coureurs inscrits \u00e0 l&rsquo;option chronom\u00e9trage (dans la limite de 3 000 dossards)<\/span><\/li><li><span style=\"background-color: transparent; color: var(--global-palette4); font-family: var(--global-body-font-family);\"><span style=\"color: #ff5698;\"><span style=\"font-weight: bolder;\">Option garderie<\/span><\/span><\/span><span style=\"background-color: transparent; color: var(--global-palette4); font-family: var(--global-body-font-family);\">\u00a0propos\u00e9e (pour les 3 &#8211; 12 ans)<\/span><\/li><\/ul>\t\t\t\t\t\t\t\t<\/div>\n\t\t\t\t<\/div>\n\t\t\t\t\t<\/div>\n\t\t<\/div>\n\t\t\t\t\t<\/div>\n\t\t<\/section>\n\t\t\t\t\t<\/div>\n\t\t<\/div>\n\t\t\t\t\t<\/div>\n\t\t<\/section>\n\t\t\t\t<section class=\"elementor-section elementor-top-section elementor-element elementor-element-a29f7e1 elementor-section-boxed elementor-section-height-default elementor-section-height-default wpr-particle-no wpr-jarallax-no wpr-parallax-no wpr-sticky-section-no wpr-equal-height-no\" data-id=\"a29f7e1\" data-element_type=\"section\" data-e-type=\"section\">\n\t\t\t\t\t\t<div class=\"elementor-container elementor-column-gap-default\">\n\t\t\t\t\t<div class=\"elementor-column elementor-col-100 elementor-top-column elementor-element elementor-element-a5729b0\" data-id=\"a5729b0\" data-element_type=\"column\" data-e-type=\"column\">\n\t\t\t<div class=\"elementor-widget-wrap elementor-element-populated\">\n\t\t\t\t\t\t<div class=\"elementor-element elementor-element-995d5ae elementor-shape-circle elementor-grid-0 e-grid-align-center elementor-widget elementor-widget-social-icons\" data-id=\"995d5ae\" data-element_type=\"widget\" data-e-type=\"widget\" data-widget_type=\"social-icons.default\">\n\t\t\t\t<div class=\"elementor-widget-container\">\n\t\t\t\t\t\t\t<div class=\"elementor-social-icons-wrapper elementor-grid\" role=\"list\">\n\t\t\t\t\t\t\t<span class=\"elementor-grid-item\" role=\"listitem\">\n\t\t\t\t\t<a class=\"elementor-icon elementor-social-icon elementor-social-icon-facebook elementor-animation-wobble-skew elementor-repeater-item-961d285\" href=\"https:\/\/www.facebook.com\/FouleesRoses\/?locale=fr_FR\" target=\"_blank\">\n\t\t\t\t\t\t<span class=\"elementor-screen-only\">Facebook<\/span>\n\t\t\t\t\t\t<i aria-hidden=\"true\" class=\"fab fa-facebook\"><\/i>\t\t\t\t\t<\/a>\n\t\t\t\t<\/span>\n\t\t\t\t\t\t\t<span class=\"elementor-grid-item\" role=\"listitem\">\n\t\t\t\t\t<a class=\"elementor-icon elementor-social-icon elementor-social-icon-instagram elementor-animation-wobble-skew elementor-repeater-item-f819e63\" href=\"https:\/\/www.instagram.com\/fouleesroses\" target=\"_blank\">\n\t\t\t\t\t\t<span class=\"elementor-screen-only\">Instagram<\/span>\n\t\t\t\t\t\t<i aria-hidden=\"true\" class=\"fab fa-instagram\"><\/i>\t\t\t\t\t<\/a>\n\t\t\t\t<\/span>\n\t\t\t\t\t<\/div>\n\t\t\t\t\t\t<\/div>\n\t\t\t\t<\/div>\n\t\t\t\t<div class=\"elementor-element elementor-element-d7bf1fb elementor-widget elementor-widget-text-editor\" data-id=\"d7bf1fb\" data-element_type=\"widget\" data-e-type=\"widget\" data-widget_type=\"text-editor.default\">\n\t\t\t\t<div class=\"elementor-widget-container\">\n\t\t\t\t\t\t\t\t\t<p style=\"text-align: center;\">Retrouvez toutes les infos sur nos r\u00e9seaux sociaux !\u00a0<\/p>\t\t\t\t\t\t\t\t<\/div>\n\t\t\t\t<\/div>\n\t\t\t\t\t<\/div>\n\t\t<\/div>\n\t\t\t\t\t<\/div>\n\t\t<\/section>\n\t\t\t\t<\/div>\n\t\t","protected":false},"excerpt":{"rendered":"<p>LES FOUL\u00c9ES ROSES | OLIVET COURSES &amp; MARCHES INDIVIDUELLES Rendez-vous en septembrepour l&rsquo;ouverture des inscriptions ! MARCHES Parce que l\u2019on peut avoir envie de participer pour une bonne cause, mais pas forc\u00e9ment de courir, les Foul\u00e9es Roses proposent depuis les d\u00e9buts de participer avec une marche.&nbsp;Plusieurs distances sont propos\u00e9es aux&nbsp;sportifs affirm\u00e9s comme aux amateurs de balades : Distances propos\u00e9es : 3 km&nbsp; et 5,5 km&nbsp;(d\u00e9parts \u00e0 10h) Ouvert aux&nbsp;adultes&nbsp;et ados de&nbsp;+ de 16 ans Tarif unique :&nbsp;10\u20ac&nbsp;quelle que soit la distance (+0.85\u20ac de frais d&rsquo;inscription) COURSES Activit\u00e9 sportive universelle, la course \u00e0 pied est historiquement un des symboles de l\u2019\u00e9v\u00e9nement des Foul\u00e9es Roses.\u00a0 Distances propos\u00e9es : 5,5 km\u00a0(d\u00e9part \u00e0 11h15) et 10 km\u00a0(d\u00e9part \u00e0 11h)\u00a0 Ouvert aux\u00a0adultes\u00a0et ados de\u00a0+ de 16 ans\u00a0 Tarif unique :\u00a010\u20ac\u00a0quelle que soit la distance (+0.85\u20ac de frais d&rsquo;inscription) Dossard fourni\u00a0\u00e9quip\u00e9 d&rsquo;une\u00a0puce\u00a0aux coureurs inscrits \u00e0 l&rsquo;option chronom\u00e9trage (dans la limite de 3 000 dossards) Option garderie\u00a0propos\u00e9e (pour les 3 &#8211; 12 ans) Facebook Instagram Retrouvez toutes les infos sur nos r\u00e9seaux sociaux !\u00a0<\/p>\n","protected":false},"author":1,"featured_media":0,"parent":0,"menu_order":0,"comment_status":"closed","ping_status":"closed","template":"","meta":{"_kadence_starter_templates_imported_post":true,"_kad_post_transparent":"","_kad_post_title":"hide","_kad_post_layout":"fullwidth","_kad_post_sidebar_id":"","_kad_post_content_style":"unboxed","_kad_post_vertical_padding":"hide","_kad_post_feature":"hide","_kad_post_feature_position":"","_kad_post_header":false,"_kad_post_footer":false,"_kad_post_classname":"","footnotes":""},"class_list":["post-9305","page","type-page","status-publish","hentry"],"_links":{"self":[{"href":"https:\/\/fouleesroses.olivet.fr\/index.php?rest_route=\/wp\/v2\/pages\/9305","targetHints":{"allow":["GET"]}}],"collection":[{"href":"https:\/\/fouleesroses.olivet.fr\/index.php?rest_route=\/wp\/v2\/pages"}],"about":[{"href":"https:\/\/fouleesroses.olivet.fr\/index.php?rest_route=\/wp\/v2\/types\/page"}],"author":[{"embeddable":true,"href":"https:\/\/fouleesroses.olivet.fr\/index.php?rest_route=\/wp\/v2\/users\/1"}],"replies":[{"embeddable":true,"href":"https:\/\/fouleesroses.olivet.fr\/index.php?rest_route=%2Fwp%2Fv2%2Fcomments&post=9305"}],"version-history":[{"count":164,"href":"https:\/\/fouleesroses.olivet.fr\/index.php?rest_route=\/wp\/v2\/pages\/9305\/revisions"}],"predecessor-version":[{"id":13874,"href":"https:\/\/fouleesroses.olivet.fr\/index.php?rest_route=\/wp\/v2\/pages\/9305\/revisions\/13874"}],"wp:attachment":[{"href":"https:\/\/fouleesroses.olivet.fr\/index.php?rest_route=%2Fwp%2Fv2%2Fmedia&parent=9305"}],"curies":[{"name":"wp","href":"https:\/\/api.w.org\/{rel}","templated":true}]}}